{"id":15446,"date":"2020-03-06T19:31:11","date_gmt":"2020-03-06T19:31:11","guid":{"rendered":"https:\/\/amparocardonabonet.com\/?page_id=15446"},"modified":"2020-03-08T11:43:53","modified_gmt":"2020-03-08T10:43:53","slug":"inicio","status":"publish","type":"page","link":"https:\/\/amparocardonabonet.com\/","title":{"rendered":"Inicio"},"content":{"rendered":"\t\t<div data-elementor-type=\"wp-page\" data-elementor-id=\"15446\" class=\"elementor elementor-15446\" data-elementor-post-type=\"page\">\n\t\t\t\t\t\t<section class=\"elementor-section elementor-top-section elementor-element elementor-element-8d963de elementor-section-boxed elementor-section-height-default elementor-section-height-default parallax_section_no qode_elementor_container_no\" data-id=\"8d963de\" data-element_type=\"section\">\n\t\t\t\t\t\t<div class=\"elementor-container elementor-column-gap-default\">\n\t\t\t\t\t<div class=\"elementor-column elementor-col-100 elementor-top-column elementor-element elementor-element-a398ce6\" data-id=\"a398ce6\" data-element_type=\"column\">\n\t\t\t<div class=\"elementor-widget-wrap elementor-element-populated\">\n\t\t\t\t\t\t<div class=\"elementor-element elementor-element-07f8671 elementor-hidden-desktop elementor-widget elementor-widget-image\" data-id=\"07f8671\" data-element_type=\"widget\" data-widget_type=\"image.default\">\n\t\t\t\t<div class=\"elementor-widget-container\">\n\t\t\t\t\t\t\t\t\t\t\t\t\t<img fetchpriority=\"high\" decoding=\"async\" width=\"960\" height=\"720\" src=\"https:\/\/amparocardonabonet.com\/wp-content\/uploads\/2020\/03\/Amparo-Cardona-Cine-Documental.jpg\" class=\"attachment-large size-large wp-image-15448\" alt=\"\" srcset=\"https:\/\/amparocardonabonet.com\/wp-content\/uploads\/2020\/03\/Amparo-Cardona-Cine-Documental.jpg 960w, https:\/\/amparocardonabonet.com\/wp-content\/uploads\/2020\/03\/Amparo-Cardona-Cine-Documental-300x225.jpg 300w, https:\/\/amparocardonabonet.com\/wp-content\/uploads\/2020\/03\/Amparo-Cardona-Cine-Documental-768x576.jpg 768w, https:\/\/amparocardonabonet.com\/wp-content\/uploads\/2020\/03\/Amparo-Cardona-Cine-Documental-800x600.jpg 800w, https:\/\/amparocardonabonet.com\/wp-content\/uploads\/2020\/03\/Amparo-Cardona-Cine-Documental-700x525.jpg 700w\" sizes=\"(max-width: 960px) 100vw, 960px\" \/>\t\t\t\t\t\t\t\t\t\t\t\t\t<\/div>\n\t\t\t\t<\/div>\n\t\t\t\t<div class=\"elementor-element elementor-element-369587b elementor-hidden-tablet elementor-hidden-phone elementor-widget elementor-widget-image\" data-id=\"369587b\" data-element_type=\"widget\" data-widget_type=\"image.default\">\n\t\t\t\t<div class=\"elementor-widget-container\">\n\t\t\t\t\t\t\t\t\t\t\t\t\t<img decoding=\"async\" width=\"1024\" height=\"576\" src=\"https:\/\/amparocardonabonet.com\/wp-content\/uploads\/2020\/03\/14615639_1307011409317509_7281682022911178068_o-1024x576.jpg\" class=\"attachment-large size-large wp-image-15500\" alt=\"\" srcset=\"https:\/\/amparocardonabonet.com\/wp-content\/uploads\/2020\/03\/14615639_1307011409317509_7281682022911178068_o-1024x576.jpg 1024w, https:\/\/amparocardonabonet.com\/wp-content\/uploads\/2020\/03\/14615639_1307011409317509_7281682022911178068_o-300x169.jpg 300w, https:\/\/amparocardonabonet.com\/wp-content\/uploads\/2020\/03\/14615639_1307011409317509_7281682022911178068_o-768x432.jpg 768w, https:\/\/amparocardonabonet.com\/wp-content\/uploads\/2020\/03\/14615639_1307011409317509_7281682022911178068_o-1536x864.jpg 1536w, https:\/\/amparocardonabonet.com\/wp-content\/uploads\/2020\/03\/14615639_1307011409317509_7281682022911178068_o-700x394.jpg 700w, https:\/\/amparocardonabonet.com\/wp-content\/uploads\/2020\/03\/14615639_1307011409317509_7281682022911178068_o-539x303.jpg 539w, https:\/\/amparocardonabonet.com\/wp-content\/uploads\/2020\/03\/14615639_1307011409317509_7281682022911178068_o.jpg 1600w\" sizes=\"(max-width: 1024px) 100vw, 1024px\" \/>\t\t\t\t\t\t\t\t\t\t\t\t\t<\/div>\n\t\t\t\t<\/div>\n\t\t\t\t\t<\/div>\n\t\t<\/div>\n\t\t\t\t\t<\/div>\n\t\t<\/section>\n\t\t\t\t<section class=\"elementor-section elementor-top-section elementor-element elementor-element-ac312f7 elementor-section-boxed elementor-section-height-default elementor-section-height-default parallax_section_no qode_elementor_container_no\" data-id=\"ac312f7\" data-element_type=\"section\">\n\t\t\t\t\t\t<div class=\"elementor-container elementor-column-gap-default\">\n\t\t\t\t\t<div class=\"elementor-column elementor-col-100 elementor-top-column elementor-element elementor-element-c55a1cf\" data-id=\"c55a1cf\" data-element_type=\"column\">\n\t\t\t<div class=\"elementor-widget-wrap elementor-element-populated\">\n\t\t\t\t\t\t<div class=\"elementor-element elementor-element-4f61946 elementor-widget elementor-widget-bridge_icon_text\" data-id=\"4f61946\" data-element_type=\"widget\" data-widget_type=\"bridge_icon_text.default\">\n\t\t\t\t<div class=\"elementor-widget-container\">\n\t\t\t<div class='q_icon_with_title large normal_icon center qode-iwt-content-alignment-center '><div class=\"icon_holder \" style=\" \"><span data-icon-type=\"normal\"   style=\"\" class=\"qode_iwt_icon_holder q_font_awsome_icon fa-4x  \"><i class=\"qode_icon_font_awesome fa fa-film qode_iwt_icon_element\" style=\"\" ><\/i><\/span><\/div><div class=\"icon_text_holder\" style=\"\"><div class=\"icon_text_inner\" style=\"\"><h4 class=\"icon_title\" style=\"\">Cine documental y directora de arte<\/h4><p style=''><\/p><\/div><\/div><\/div>\t\t<\/div>\n\t\t\t\t<\/div>\n\t\t\t\t\t<\/div>\n\t\t<\/div>\n\t\t\t\t\t<\/div>\n\t\t<\/section>\n\t\t\t\t<section class=\"elementor-section elementor-top-section elementor-element elementor-element-49bd8f1 elementor-section-boxed elementor-section-height-default elementor-section-height-default parallax_section_no qode_elementor_container_no\" data-id=\"49bd8f1\" data-element_type=\"section\">\n\t\t\t\t\t\t<div class=\"elementor-container elementor-column-gap-default\">\n\t\t\t\t\t<div class=\"elementor-column elementor-col-100 elementor-top-column elementor-element elementor-element-b66d279\" data-id=\"b66d279\" data-element_type=\"column\">\n\t\t\t<div class=\"elementor-widget-wrap elementor-element-populated\">\n\t\t\t\t\t\t<div class=\"elementor-element elementor-element-5febfda elementor-widget elementor-widget-html\" data-id=\"5febfda\" data-element_type=\"widget\" data-widget_type=\"html.default\">\n\t\t\t\t<div class=\"elementor-widget-container\">\n\t\t\t<a id=\"darte\"><\/a>\t\t<\/div>\n\t\t\t\t<\/div>\n\t\t\t\t<div class=\"elementor-element elementor-element-ef4ba02 elementor-widget-divider--view-line elementor-widget elementor-widget-divider\" data-id=\"ef4ba02\" data-element_type=\"widget\" data-widget_type=\"divider.default\">\n\t\t\t\t<div class=\"elementor-widget-container\">\n\t\t\t\t\t<div class=\"elementor-divider\">\n\t\t\t<span class=\"elementor-divider-separator\">\n\t\t\t\t\t\t<\/span>\n\t\t<\/div>\n\t\t\t\t<\/div>\n\t\t\t\t<\/div>\n\t\t\t\t\t<\/div>\n\t\t<\/div>\n\t\t\t\t\t<\/div>\n\t\t<\/section>\n\t\t\t\t<section class=\"elementor-section elementor-top-section elementor-element elementor-element-205f838 elementor-section-boxed elementor-section-height-default elementor-section-height-default parallax_section_no qode_elementor_container_no\" data-id=\"205f838\" data-element_type=\"section\">\n\t\t\t\t\t\t<div class=\"elementor-container elementor-column-gap-default\">\n\t\t\t\t\t<div class=\"elementor-column elementor-col-50 elementor-top-column elementor-element elementor-element-327d54f\" data-id=\"327d54f\" data-element_type=\"column\">\n\t\t\t<div class=\"elementor-widget-wrap elementor-element-populated\">\n\t\t\t\t\t\t<div class=\"elementor-element elementor-element-e63f356 elementor-widget elementor-widget-image\" data-id=\"e63f356\" data-element_type=\"widget\" data-widget_type=\"image.default\">\n\t\t\t\t<div class=\"elementor-widget-container\">\n\t\t\t\t\t\t\t\t\t\t\t\t\t<img decoding=\"async\" width=\"645\" height=\"960\" src=\"https:\/\/amparocardonabonet.com\/wp-content\/uploads\/2020\/03\/direccion-de-arte.jpg\" class=\"attachment-large size-large wp-image-15459\" alt=\"\" srcset=\"https:\/\/amparocardonabonet.com\/wp-content\/uploads\/2020\/03\/direccion-de-arte.jpg 645w, https:\/\/amparocardonabonet.com\/wp-content\/uploads\/2020\/03\/direccion-de-arte-202x300.jpg 202w\" sizes=\"(max-width: 645px) 100vw, 645px\" \/>\t\t\t\t\t\t\t\t\t\t\t\t\t<\/div>\n\t\t\t\t<\/div>\n\t\t\t\t\t<\/div>\n\t\t<\/div>\n\t\t\t\t<div class=\"elementor-column elementor-col-50 elementor-top-column elementor-element elementor-element-d2891c2\" data-id=\"d2891c2\" data-element_type=\"column\">\n\t\t\t<div class=\"elementor-widget-wrap elementor-element-populated\">\n\t\t\t\t\t\t<div class=\"elementor-element elementor-element-7aae38f elementor-headline--style-highlight elementor-widget elementor-widget-animated-headline\" data-id=\"7aae38f\" data-element_type=\"widget\" data-settings=\"{&quot;highlighted_text&quot;:&quot;arte&quot;,&quot;marker&quot;:&quot;underline&quot;,&quot;headline_style&quot;:&quot;highlight&quot;,&quot;loop&quot;:&quot;yes&quot;,&quot;highlight_animation_duration&quot;:1200,&quot;highlight_iteration_delay&quot;:8000}\" data-widget_type=\"animated-headline.default\">\n\t\t\t\t<div class=\"elementor-widget-container\">\n\t\t\t\t\t<h3 class=\"elementor-headline\">\n\t\t\t\t\t<span class=\"elementor-headline-plain-text elementor-headline-text-wrapper\">Direcci\u00f3n de<\/span>\n\t\t\t\t<span class=\"elementor-headline-dynamic-wrapper elementor-headline-text-wrapper\">\n\t\t\t\t\t<span class=\"elementor-headline-dynamic-text elementor-headline-text-active\">arte<\/span>\n\t\t\t\t<\/span>\n\t\t\t\t<\/h3>\n\t\t\t\t<\/div>\n\t\t\t\t<\/div>\n\t\t\t\t\t<\/div>\n\t\t<\/div>\n\t\t\t\t\t<\/div>\n\t\t<\/section>\n\t\t\t\t<section class=\"elementor-section elementor-top-section elementor-element elementor-element-038bb2b elementor-section-boxed elementor-section-height-default elementor-section-height-default parallax_section_no qode_elementor_container_no\" data-id=\"038bb2b\" data-element_type=\"section\">\n\t\t\t\t\t\t<div class=\"elementor-container elementor-column-gap-default\">\n\t\t\t\t\t<div class=\"elementor-column elementor-col-100 elementor-top-column elementor-element elementor-element-986163d\" data-id=\"986163d\" data-element_type=\"column\">\n\t\t\t<div class=\"elementor-widget-wrap elementor-element-populated\">\n\t\t\t\t\t\t<div class=\"elementor-element elementor-element-88fce18 elementor-widget elementor-widget-html\" data-id=\"88fce18\" data-element_type=\"widget\" data-widget_type=\"html.default\">\n\t\t\t\t<div class=\"elementor-widget-container\">\n\t\t\t<a name=\"documental\"><\/a>\t\t<\/div>\n\t\t\t\t<\/div>\n\t\t\t\t<div class=\"elementor-element elementor-element-4f85422 elementor-widget-divider--view-line elementor-widget elementor-widget-divider\" data-id=\"4f85422\" data-element_type=\"widget\" data-widget_type=\"divider.default\">\n\t\t\t\t<div class=\"elementor-widget-container\">\n\t\t\t\t\t<div class=\"elementor-divider\">\n\t\t\t<span class=\"elementor-divider-separator\">\n\t\t\t\t\t\t<\/span>\n\t\t<\/div>\n\t\t\t\t<\/div>\n\t\t\t\t<\/div>\n\t\t\t\t\t<\/div>\n\t\t<\/div>\n\t\t\t\t\t<\/div>\n\t\t<\/section>\n\t\t\t\t<section class=\"elementor-section elementor-top-section elementor-element elementor-element-eaf070b elementor-section-boxed elementor-section-height-default elementor-section-height-default parallax_section_no qode_elementor_container_no\" data-id=\"eaf070b\" data-element_type=\"section\">\n\t\t\t\t\t\t<div class=\"elementor-container elementor-column-gap-default\">\n\t\t\t\t\t<div class=\"elementor-column elementor-col-50 elementor-top-column elementor-element elementor-element-cc68c31\" data-id=\"cc68c31\" data-element_type=\"column\">\n\t\t\t<div class=\"elementor-widget-wrap elementor-element-populated\">\n\t\t\t\t\t\t<div class=\"elementor-element elementor-element-6939fbc elementor-widget elementor-widget-video\" data-id=\"6939fbc\" data-element_type=\"widget\" data-settings=\"{&quot;youtube_url&quot;:&quot;https:\\\/\\\/www.youtube.com\\\/watch?v=S8Tl2QpEkgU&quot;,&quot;video_type&quot;:&quot;youtube&quot;,&quot;controls&quot;:&quot;yes&quot;}\" data-widget_type=\"video.default\">\n\t\t\t\t<div class=\"elementor-widget-container\">\n\t\t\t\t\t<div class=\"elementor-wrapper elementor-open-inline\">\n\t\t\t<div class=\"elementor-video\"><\/div>\t\t<\/div>\n\t\t\t\t<\/div>\n\t\t\t\t<\/div>\n\t\t\t\t\t<\/div>\n\t\t<\/div>\n\t\t\t\t<div class=\"elementor-column elementor-col-50 elementor-top-column elementor-element elementor-element-a630a41\" data-id=\"a630a41\" data-element_type=\"column\">\n\t\t\t<div class=\"elementor-widget-wrap elementor-element-populated\">\n\t\t\t\t\t\t<div class=\"elementor-element elementor-element-42fe67b elementor-headline--style-highlight elementor-widget elementor-widget-animated-headline\" data-id=\"42fe67b\" data-element_type=\"widget\" data-settings=\"{&quot;marker&quot;:&quot;underline&quot;,&quot;highlighted_text&quot;:&quot;documental&quot;,&quot;headline_style&quot;:&quot;highlight&quot;,&quot;loop&quot;:&quot;yes&quot;,&quot;highlight_animation_duration&quot;:1200,&quot;highlight_iteration_delay&quot;:8000}\" data-widget_type=\"animated-headline.default\">\n\t\t\t\t<div class=\"elementor-widget-container\">\n\t\t\t\t\t<h3 class=\"elementor-headline\">\n\t\t\t\t\t<span class=\"elementor-headline-plain-text elementor-headline-text-wrapper\">Cine<\/span>\n\t\t\t\t<span class=\"elementor-headline-dynamic-wrapper elementor-headline-text-wrapper\">\n\t\t\t\t\t<span class=\"elementor-headline-dynamic-text elementor-headline-text-active\">documental<\/span>\n\t\t\t\t<\/span>\n\t\t\t\t<\/h3>\n\t\t\t\t<\/div>\n\t\t\t\t<\/div>\n\t\t\t\t<div class=\"elementor-element elementor-element-5e8aaed elementor-widget elementor-widget-text-editor\" data-id=\"5e8aaed\" data-element_type=\"widget\" data-widget_type=\"text-editor.default\">\n\t\t\t\t<div class=\"elementor-widget-container\">\n\t\t\t\t\t\t\t<p>Us present el documental que vaig dirigir a Barcelona sobre l&#8217;artista Mariona Mill\u00e0.<\/p><p><br \/>Gr\u00e0cies <a class=\"profileLink\" title=\"Joan Barb\u00e9\" href=\"https:\/\/www.facebook.com\/joanbarbe?__tn__=%2CdK-R-R&amp;eid=ARD-K9bsCM7yWIznCCxUUAQ_AvS9a_a-OOuyq-wOpavufOkz99EOk00dAk6KawJAm6bgSRONSbpcEe5a&amp;fref=mentions\" data-hovercard=\"\/ajax\/hovercard\/user.php?id=1004769449&amp;extragetparams=%7B%22__tn__%22%3A%22%2CdK-R-R%22%2C%22eid%22%3A%22ARD-K9bsCM7yWIznCCxUUAQ_AvS9a_a-OOuyq-wOpavufOkz99EOk00dAk6KawJAm6bgSRONSbpcEe5a%22%2C%22fref%22%3A%22mentions%22%7D\" data-hovercard-prefer-more-content-show=\"1\">Joan Barb\u00e9<\/a> per la teva m\u00fasica, que tant m&#8217;ha acompanyat pels carrers de Barcelona.<\/p><p><br \/>Gr\u00e0cies Mariona Mill\u00e0 Salinas per ser com ets. Per obrir-me les portes del teu estudi i del teu art.<\/p><p><br \/>Gr\u00e0cies <a class=\"profileLink\" title=\"Enrique Villalonga Juan\" href=\"https:\/\/www.facebook.com\/enrique.villalongajuan?__tn__=%2CdK-R-R&amp;eid=ARAbAb2Otbic6YICQUZBMel1eWBIKZ4HEGpqPqvwHP5CWbL3F7Nj_GCNk-cLv7M34048w1TdeEOys5pC&amp;fref=mentions\" data-hovercard=\"\/ajax\/hovercard\/user.php?id=100002180424615&amp;extragetparams=%7B%22__tn__%22%3A%22%2CdK-R-R%22%2C%22eid%22%3A%22ARAbAb2Otbic6YICQUZBMel1eWBIKZ4HEGpqPqvwHP5CWbL3F7Nj_GCNk-cLv7M34048w1TdeEOys5pC%22%2C%22fref%22%3A%22mentions%22%7D\" data-hovercard-prefer-more-content-show=\"1\">Enrique Villalonga Juan<\/a> perqu\u00e8 un dia en un bar de Santa Gertrudis em vas dir que dirig\u00eds un documental. Gr\u00e0cies Cinenacci\u00f3n <a class=\"profileLink\" title=\"Joan Manel Moran\" href=\"https:\/\/www.facebook.com\/metalgeth?__tn__=%2CdK-R-R&amp;eid=ARC4RAkfcgh81DVp7xXTbwqlx9s6BIr2jt_kXaNPhRyo9Zj6U9W389DfwDA0eFI5TPEL4FmK5LU_VdT4&amp;fref=mentions\" data-hovercard=\"\/ajax\/hovercard\/user.php?id=1092878965&amp;extragetparams=%7B%22__tn__%22%3A%22%2CdK-R-R%22%2C%22eid%22%3A%22ARC4RAkfcgh81DVp7xXTbwqlx9s6BIr2jt_kXaNPhRyo9Zj6U9W389DfwDA0eFI5TPEL4FmK5LU_VdT4%22%2C%22fref%22%3A%22mentions%22%7D\" data-hovercard-prefer-more-content-show=\"1\">Joan Manel Moran<\/a> i <a class=\"profileLink\" title=\"Raquel Choy Lainez\" href=\"https:\/\/www.facebook.com\/raquel.choylainez?__tn__=%2CdK-R-R&amp;eid=ARAghyNXxtZ9oFNEdx2VB3NTp8ksJYSoY4Lii-7TdPWXiOlnSAY0v4DiUztWwNLQaCF5jQw-wIBvPpJc&amp;fref=mentions\" data-hovercard=\"\/ajax\/hovercard\/user.php?id=521914772&amp;extragetparams=%7B%22__tn__%22%3A%22%2CdK-R-R%22%2C%22eid%22%3A%22ARAghyNXxtZ9oFNEdx2VB3NTp8ksJYSoY4Lii-7TdPWXiOlnSAY0v4DiUztWwNLQaCF5jQw-wIBvPpJc%22%2C%22fref%22%3A%22mentions%22%7D\" data-hovercard-prefer-more-content-show=\"1\">Raquel Choy Lainez<\/a>.<\/p><p>Gr\u00e0cies a totes aquelles dones artistes que lluiten cada dia per obrir-se pas i tamb\u00e9 per aquelles que no han pogut sortir a la llum.<\/p>\t\t\t\t\t\t<\/div>\n\t\t\t\t<\/div>\n\t\t\t\t\t<\/div>\n\t\t<\/div>\n\t\t\t\t\t<\/div>\n\t\t<\/section>\n\t\t\t\t<section class=\"elementor-section elementor-top-section elementor-element elementor-element-746bc05 elementor-section-boxed elementor-section-height-default elementor-section-height-default parallax_section_no qode_elementor_container_no\" data-id=\"746bc05\" data-element_type=\"section\">\n\t\t\t\t\t\t<div class=\"elementor-container elementor-column-gap-default\">\n\t\t\t\t\t<div class=\"elementor-column elementor-col-100 elementor-top-column elementor-element elementor-element-43c5909\" data-id=\"43c5909\" data-element_type=\"column\">\n\t\t\t<div class=\"elementor-widget-wrap elementor-element-populated\">\n\t\t\t\t\t\t<div class=\"elementor-element elementor-element-87283f9 elementor-widget elementor-widget-html\" data-id=\"87283f9\" data-element_type=\"widget\" data-widget_type=\"html.default\">\n\t\t\t\t<div class=\"elementor-widget-container\">\n\t\t\t<a id=\"film\"><\/a>\t\t<\/div>\n\t\t\t\t<\/div>\n\t\t\t\t<div class=\"elementor-element elementor-element-29124d5 elementor-widget-divider--view-line elementor-widget elementor-widget-divider\" data-id=\"29124d5\" data-element_type=\"widget\" data-widget_type=\"divider.default\">\n\t\t\t\t<div class=\"elementor-widget-container\">\n\t\t\t\t\t<div class=\"elementor-divider\">\n\t\t\t<span class=\"elementor-divider-separator\">\n\t\t\t\t\t\t<\/span>\n\t\t<\/div>\n\t\t\t\t<\/div>\n\t\t\t\t<\/div>\n\t\t\t\t\t<\/div>\n\t\t<\/div>\n\t\t\t\t\t<\/div>\n\t\t<\/section>\n\t\t\t\t<section class=\"elementor-section elementor-top-section elementor-element elementor-element-dd53cdb elementor-section-boxed elementor-section-height-default elementor-section-height-default parallax_section_no qode_elementor_container_no\" data-id=\"dd53cdb\" data-element_type=\"section\">\n\t\t\t\t\t\t<div class=\"elementor-container elementor-column-gap-default\">\n\t\t\t\t\t<div class=\"elementor-column elementor-col-50 elementor-top-column elementor-element elementor-element-559ee4c\" data-id=\"559ee4c\" data-element_type=\"column\">\n\t\t\t<div class=\"elementor-widget-wrap elementor-element-populated\">\n\t\t\t\t\t\t<div class=\"elementor-element elementor-element-bf0b7d5 elementor-widget elementor-widget-video\" data-id=\"bf0b7d5\" data-element_type=\"widget\" data-settings=\"{&quot;youtube_url&quot;:&quot;https:\\\/\\\/www.youtube.com\\\/watch?v=X4XvxIuW2Nk&quot;,&quot;video_type&quot;:&quot;youtube&quot;,&quot;controls&quot;:&quot;yes&quot;}\" data-widget_type=\"video.default\">\n\t\t\t\t<div class=\"elementor-widget-container\">\n\t\t\t\t\t<div class=\"elementor-wrapper elementor-open-inline\">\n\t\t\t<div class=\"elementor-video\"><\/div>\t\t<\/div>\n\t\t\t\t<\/div>\n\t\t\t\t<\/div>\n\t\t\t\t\t<\/div>\n\t\t<\/div>\n\t\t\t\t<div class=\"elementor-column elementor-col-50 elementor-top-column elementor-element elementor-element-4155988\" data-id=\"4155988\" data-element_type=\"column\">\n\t\t\t<div class=\"elementor-widget-wrap elementor-element-populated\">\n\t\t\t\t\t\t<div class=\"elementor-element elementor-element-f7d5f8b elementor-headline--style-highlight elementor-widget elementor-widget-animated-headline\" data-id=\"f7d5f8b\" data-element_type=\"widget\" data-settings=\"{&quot;marker&quot;:&quot;underline&quot;,&quot;highlighted_text&quot;:&quot;Filmmaker&quot;,&quot;headline_style&quot;:&quot;highlight&quot;,&quot;loop&quot;:&quot;yes&quot;,&quot;highlight_animation_duration&quot;:1200,&quot;highlight_iteration_delay&quot;:8000}\" data-widget_type=\"animated-headline.default\">\n\t\t\t\t<div class=\"elementor-widget-container\">\n\t\t\t\t\t<h3 class=\"elementor-headline\">\n\t\t\t\t<span class=\"elementor-headline-dynamic-wrapper elementor-headline-text-wrapper\">\n\t\t\t\t\t<span class=\"elementor-headline-dynamic-text elementor-headline-text-active\">Filmmaker<\/span>\n\t\t\t\t<\/span>\n\t\t\t\t<\/h3>\n\t\t\t\t<\/div>\n\t\t\t\t<\/div>\n\t\t\t\t<div class=\"elementor-element elementor-element-1d9c488 elementor-widget elementor-widget-text-editor\" data-id=\"1d9c488\" data-element_type=\"widget\" data-widget_type=\"text-editor.default\">\n\t\t\t\t<div class=\"elementor-widget-container\">\n\t\t\t\t\t\t\t<p>Os comparto \u00e9ste v\u00eddeo que grab\u00e9 para la marca de joyas RM Chic. Para mi fue un honor hacerlo y todo un reto personal. Siempre que lo veo me emociono. El estilismo es de Clara G. Escofet y fue grabado en \u00abEscofet chic ambiances\u00bb, junto con la fotografa Eva Sanz y Mariola G\u00f3mez Escofet. Qu\u00e9 grandes recuerdos! Todas eramos mujeres de car\u00e0cter fuerte que luchab\u00e1mos por una buena toma entre tanta c\u00e1mara. Fue una jornada que siempre recordar\u00e9. Muchas gracias por el tiempo compartido!<\/p>\t\t\t\t\t\t<\/div>\n\t\t\t\t<\/div>\n\t\t\t\t\t<\/div>\n\t\t<\/div>\n\t\t\t\t\t<\/div>\n\t\t<\/section>\n\t\t\t\t<section class=\"elementor-section elementor-top-section elementor-element elementor-element-00fb846 elementor-section-boxed elementor-section-height-default elementor-section-height-default parallax_section_no qode_elementor_container_no\" data-id=\"00fb846\" data-element_type=\"section\">\n\t\t\t\t\t\t<div class=\"elementor-container elementor-column-gap-default\">\n\t\t\t\t\t<div class=\"elementor-column elementor-col-100 elementor-top-column elementor-element elementor-element-2871da3\" data-id=\"2871da3\" data-element_type=\"column\">\n\t\t\t<div class=\"elementor-widget-wrap elementor-element-populated\">\n\t\t\t\t\t\t<div class=\"elementor-element elementor-element-d959aa5 elementor-widget-divider--view-line elementor-widget elementor-widget-divider\" data-id=\"d959aa5\" data-element_type=\"widget\" data-widget_type=\"divider.default\">\n\t\t\t\t<div class=\"elementor-widget-container\">\n\t\t\t\t\t<div class=\"elementor-divider\">\n\t\t\t<span class=\"elementor-divider-separator\">\n\t\t\t\t\t\t<\/span>\n\t\t<\/div>\n\t\t\t\t<\/div>\n\t\t\t\t<\/div>\n\t\t\t\t\t<\/div>\n\t\t<\/div>\n\t\t\t\t\t<\/div>\n\t\t<\/section>\n\t\t\t\t<section class=\"elementor-section elementor-top-section elementor-element elementor-element-21d1b92 elementor-section-boxed elementor-section-height-default elementor-section-height-default parallax_section_no qode_elementor_container_no\" data-id=\"21d1b92\" data-element_type=\"section\">\n\t\t\t\t\t\t<div class=\"elementor-container elementor-column-gap-default\">\n\t\t\t\t\t<div class=\"elementor-column elementor-col-100 elementor-top-column elementor-element elementor-element-4307100\" data-id=\"4307100\" data-element_type=\"column\">\n\t\t\t<div class=\"elementor-widget-wrap elementor-element-populated\">\n\t\t\t\t\t\t<div class=\"elementor-element elementor-element-d5d6f48 elementor-widget elementor-widget-heading\" data-id=\"d5d6f48\" data-element_type=\"widget\" data-widget_type=\"heading.default\">\n\t\t\t\t<div class=\"elementor-widget-container\">\n\t\t\t<h1 class=\"elementor-heading-title elementor-size-large\">Amparo Cardona Bonet<\/h1>\t\t<\/div>\n\t\t\t\t<\/div>\n\t\t\t\t<div class=\"elementor-element elementor-element-c405e0e elementor-widget elementor-widget-text-editor\" data-id=\"c405e0e\" data-element_type=\"widget\" data-widget_type=\"text-editor.default\">\n\t\t\t\t<div class=\"elementor-widget-container\">\n\t\t\t\t\t\t\t<p>info@amparocardonabonet.com<\/p>\t\t\t\t\t\t<\/div>\n\t\t\t\t<\/div>\n\t\t\t\t\t<\/div>\n\t\t<\/div>\n\t\t\t\t\t<\/div>\n\t\t<\/section>\n\t\t\t\t<\/div>\n\t\t","protected":false},"excerpt":{"rendered":"<p>Cine documental y directora de arte Direcci\u00f3n de Cine Us present el documental que vaig dirigir a Barcelona sobre l&#8217;artista Mariona Mill\u00e0. Gr\u00e0cies Joan Barb\u00e9 per la teva m\u00fasica, que tant m&#8217;ha acompanyat pels carrers de Barcelona. Gr\u00e0cies Mariona Mill\u00e0 Salinas per ser com ets&#8230;.<\/p>\n","protected":false},"author":1,"featured_media":0,"parent":0,"menu_order":0,"comment_status":"closed","ping_status":"closed","template":"","meta":{"footnotes":""},"_links":{"self":[{"href":"https:\/\/amparocardonabonet.com\/index.php?rest_route=\/wp\/v2\/pages\/15446"}],"collection":[{"href":"https:\/\/amparocardonabonet.com\/index.php?rest_route=\/wp\/v2\/pages"}],"about":[{"href":"https:\/\/amparocardonabonet.com\/index.php?rest_route=\/wp\/v2\/types\/page"}],"author":[{"embeddable":true,"href":"https:\/\/amparocardonabonet.com\/index.php?rest_route=\/wp\/v2\/users\/1"}],"replies":[{"embeddable":true,"href":"https:\/\/amparocardonabonet.com\/index.php?rest_route=%2Fwp%2Fv2%2Fcomments&post=15446"}],"version-history":[{"count":40,"href":"https:\/\/amparocardonabonet.com\/index.php?rest_route=\/wp\/v2\/pages\/15446\/revisions"}],"predecessor-version":[{"id":15502,"href":"https:\/\/amparocardonabonet.com\/index.php?rest_route=\/wp\/v2\/pages\/15446\/revisions\/15502"}],"wp:attachment":[{"href":"https:\/\/amparocardonabonet.com\/index.php?rest_route=%2Fwp%2Fv2%2Fmedia&parent=15446"}],"curies":[{"name":"wp","href":"https:\/\/api.w.org\/{rel}","templated":true}]}}